)*357/14?
17
What are the prime factors of 5/(5/51) + -4?
47
Let r(p) = 15*p**2. Let c be r(-1). Let g = -5 + c. Let o = g + -7. What are the prime factors of o?
3
Suppose 4*i - 4 - 4 = 4*z, 0 = 4*z + 4*i - 24. Suppose 0 = -4*n - j + 7, -z*n + 10 = 2*n - 2*j. Suppose 6*g = n*g + 60. What are the prime factors of g?
3, 5
Let l(s) = s**3 + s**2 - 24. Let i be l(0). Let n be i/10 + (-4)/(-10). List the prime factors of -2 - (0 + n) - -9.
3
Let p be 91/49 - 2/28*-2. Suppose 4*b + 0 = 20. Suppose -p*y + 51 - 1 = 4*f, -b*y + 50 = 5*f. List the prime factors of f.
3, 5
Let b = 10 + -7. Let g(l) = l**3 - 4*l**2 + 3*l + 1. Let s be g(b). Suppose -6 = -h + s. What are the prime factors of h?
7
What are the prime factors of (-9)/(54/24) + 305*1?
7, 43
Let a be ((-2)/2 - 0)*-2. Let y be (2 - 0)*a/1. Suppose y*c - 3*c = 9. What are the prime factors of c?
3
Let i be 1 + 3 - (1 + -1). Let l(g) = g**2 - 6*g + 6. Let u be l(i). Let r = u + 5. List the prime factors of r.
3
Let z = -9 - -13. Suppose -z*q - 3 = -43. What are the prime factors of q?
2, 5
Let a = 15 - -12. List the prime factors of a.
3
Let d(i) = -i**3 + 7*i**2 + 12*i + 32. List the prime factors of d(7).
2, 29
Suppose 4*z = -s, -3*z = -3*s + 2*z. Suppose b + 2*b - 36 = s. List the prime factors of b.
2, 3
Let p = -215 - -306. What are the prime factors of p?
7, 13
Suppose 0 = 5*g + 2*z - 550, -8*z - 356 = -3*g - 4*z. List the prime factors of g.
2, 7
Let n(k) = k**2 + 3*k - 2. Suppose -3*h = h - 4, 3*p - 5 = 4*h. Let b be ((-2)/p - 0)*-3. List the prime factors of n(b).
2
Let b(k) be the first derivative of -k**2/2 - 2*k - 1. What are the prime factors of b(-10)?
2
Let i(h) = h**2 - 4*h + 1. Let b be i(-5). Suppose 0 = c + 2*o + 39, -3*o + 1 - 16 = 0. Let d = c + b. What are the prime factors of d?
17
Let n be 58/7 + 2/(-7). Suppose -n*t + 55 = -3*t. What are the prime factors of t?
11
Let q = -36 - -66. List the prime factors of q.
2, 3, 5
What are the prime factors of (-14)/(-3)*(-2 + 5)?
2, 7
Let m(a) = -a - 6. Let i be -3 + -2*10/4. What are the prime factors of m(i)?
2
Suppose 5*c - 42 = -3*m, -2 + 0 = -c + m. Let o be (-1)/(-3) - (-34)/c. Let b = -3 + o. List the prime factors of b.
3
Let y(j) = j**2 + 2*j - 5. Let z be y(-4). Suppose 0 = -v - 2*s + 12, 0 = 3*v + z*s - 4*s - 8. Let f(d) = 2*d - 5. What are the prime factors of f(v)?
3
Let c(w) be the third derivative of -w**6/120 + 7*w**5/60 + 3*w**4/8 - 2*w**3/3 + w**2. Suppose 0 = 5*m - 4*m - 8. List the prime factors of c(m).
2
Suppose 2*s = 5*d + 103, -8 = -2*d - 2. List the prime factors of s.
59
Let n(j) be the first derivative of 7*j**3/3 + j**2/2 + j + 1. Let h be 18/(-14) + (-2)/(-7). List the prime factors of n(h).
7
Suppose 0 = 2*z - t - 4, -4*z + 3*t + 9 = 1. Let r = 6 - z. Suppose r*u - 34 = 3*a, 3*a - 14 = -3*u + 1. What are the prime factors of u?
7
Suppose 0 = -2*a - 5*p + 214 + 72, 411 = 3*a + 3*p. List the prime factors of a.
7, 19
Suppose 4*l + 38 = l - 4*q, 5*l - 4*q = -106. Let a = 0 + -3. List the prime factors of 63*a*2/l.
3, 7
Let p = -29 + 97. What are the prime factors of p?
2, 17
Let l = 37 + 26. List the prime factors of l.
3, 7
Suppose 5*y = y + 8. Suppose 0 = 3*c, y*c - 100 = -6*n + n. List the prime factors of n.
2, 5
Let t(k) = -1 + 0*k**2 - 5*k + 2*k**2 + 7*k. Suppose -3*b + 10 = 2*b. List the prime factors of t(b).
11
Let d(r) be the first derivative of 3*r**2/2 - 7*r + 1. Let o be d(6). What are the prime factors of 3/9*3*o?
11
Suppose 0 = -2*t - 1 - 11. Let g = -8 - t. Let o(p) = -5*p - 3. List the prime factors of o(g).
7
List the prime factors of 90/4*(20/15 + 2).
3, 5
Let q(g) = g**2 - 10*g - 6. Let a be q(10). Let j = a - -20. List the prime factors of j.
2, 7
Suppose -6*h + 396 = 18. List the prime factors of h.
3, 7
Suppose 12 = 5*h - 3. What are the prime factors of h - -3 - (3 - 1)?
2
Let b(z) = 4*z + 4. What are the prime factors of b(7)?
2
Suppose -4*z = 12 + 24. Let v = z + 14. List the prime factors of v.
5
Let h(u) be the second derivative of -u**3/2 - 6*u**2 + 5*u. What are the prime factors of h(-7)?
3
What are the prime factors of (-2)/(-6) - (-140)/3?
47
Let d = 153 + -107. Suppose 5*m - 70 = -5*y + 2*y, -y = -4*m - d. List the prime factors of y.
2, 3, 5
Let o(l) = l**2 - 8*l + 5. Let s be o(8). Let d(z) = 2*z + 5. List the prime factors of d(s).
3, 5
Suppose -5*u = -h - 51, 0 = 6*u - 2*u - 4*h - 44. What are the prime factors of u?
2, 5
Suppose z - 5*h = 101, z + 3*h - 69 = -0*z. What are the prime factors of z?
3
Suppose -442 = -14*x + 48. What are the prime factors of x?
5, 7
What are the prime factors of 286/9 + (-4)/(-18)?
2
Let y be 6/24 - 606/(-8). Let v = 129 - y. What are the prime factors of v?
53
Let z(q) = -2*q**2 + q. Let a be z(-1). Let l be 4/(-6)*(4 + (-1 - 6)). What are the prime factors of (a - -4 - -3)*l?
2
Let u = -20 - -254. List the prime factors of u.
2, 3, 13
Let n = 35 + -14. List the prime factors of n.
3, 7
Suppose -6 - 6 = -4*u. Suppose 5*x = -u*v + 245, 5*v - 98 = -2*x - 0*x. Let s = -27 + x. What are the prime factors of s?
2, 11
Let f(v) = 4*v + 3 + 0*v**3 - 5 - v**3 + 5*v**2 + 0*v**2. What are the prime factors of f(4)?
2, 3, 5
Suppose o + 76 = 3*j, o = -j + 5*o + 18. List the prime factors of j.
2, 13
Let x be (1 - (-3 + -1))*-3. What are the prime factors of 6/x - (-197)/5?
3, 13
Let l be ((-8)/(-6))/(8/12). Suppose -l*i + 27 = i. List the prime factors of i.
3
Let o(r) = r. Let v be o(3). Let c(x) = -x + 3. Let d be c(v). What are the prime factors of 11 - (d + 0 + 0)?
11
What are the prime factors of 3238/14 + -1 + (-12)/42?
2, 5, 23
Let y be -8*(-2)/8*11. Let g = y - 12. List the prime factors of g.
2, 5
Suppose -5*s - 243 = -h, -3*h + h + 470 = -2*s. What are the prime factors of h?
233
Let s be (12/10)/(3/10). Suppose s*r + 2 = 6*r. List the prime factors of 7/(r*1/2).
2, 7
What are the prime factors of (-1 + (-18)/4)*48/(-24)?
11
Let k(j) = j + 4. Let p be k(-4). Suppose 4*n + 4 = p, -n = -4*w - 6*n + 59. List the prime factors of w.
2
Let q be 0 + 1 + 4 + -3. Let k = -1 + q. List the prime factors of (-6)/(k - 15/6).
2
Let u(d) = -d**3 + 2*d**2 - 1. Let w be u(1). Suppose 7*j - 4*j - 12 = w. What are the prime factors of j?
2
Suppose 0 = -4*q - 2*z - 79 + 185, 0 = -2*q - 5*z + 41. List the prime factors of q/6 + (-3)/(-9).
5
Let v be 3/(-12) + 7/(-4). Let f(x) = -x**3 + x**2 + 2*x + 2. List the prime factors of f(v).
2, 5
Let j = 23 + -14. List the prime factors of j.
3
Suppose -y + 183 = 2*y. What are the prime factors of y?
61
Let t be (30/24)/(1/24). List the prime factors of 1/2 - (-615)/t.
3, 7
Let r be ((-2)/(-6))/((-1)/3). Let c be (-3)/(r*(1 - 2)). Let k = c + 7. What are the prime factors of k?
2
Let o(f) = -f**3 + 2*f**2 + 2*f - 1. Suppose -3*l + 5 = -4. Let w be o(l). Let z = 9 + w. What are the prime factors of z?
5
Let b(l) = l**3 + 4*l**2 - 17*l - 18. What are the prime factors of b(6)?
2, 3, 5
Let q(c) = 2*c**3 - 3*c**2. Suppose r = -1 + 3. Let j be q(r). Suppose j*p - p = 36. What are the prime factors of p?
2, 3
Let w = -1 - -5. Suppose 33 = p + 2*z, -225 = -5*p + w*z + z. Suppose p - 3 = 2*i. List the prime factors of i.
19
Suppose -2*v - 14 = -3*o, -4*o + 9*o = -5*v + 40. What are the prime factors of o?
2, 3
Let q(n) = -n**3 + 8*n**2 - n + 10. Let i be q(8). Suppose 0 = -i*x + x + 14. What are the prime factors of x?
2, 7
What are the prime factors of 3*14/((-4)/(-2))?
3, 7
Let g be 15 + 1 + 0 + -2. Let r = 33 - g. What are the prime factors of r?
19
Let p(k) = -10*k - 25. List the prime factors of p(-9).
5, 13
Suppose 4*m - t - 3*t = 24, 3*m + t - 2 = 0. Suppose -c = m*c + 3*l - 153, -5*c - 2*l + 240 = 0. What are the prime factors of c?
2, 23
Suppose 0 = 5*m + 3*m - 944. List the prime factors of m.
2, 59
Suppose 2 = 4*b - 14. Let o(x) = -x**3 + x + 55. Let u be o(0). Suppose b*f = -19 + u. List the prime factors of f.
3
What are the prime factors of -20 + 21 + 70*1?
71
Suppose -4*i - 112 = -352. List the prime factors of i.
2, 3, 5
List the prime factors of 9/6 + 36/8.
2, 3
Let k(u) be the second derivative of -2*u + 0 + 1/6*u**3 + 3/2*u**2. What are the prime factors of k(5)?
2
Suppose -3*b + 76 = 2*y - 7*y, 4*b = y + 124. List the prime factors of b.
2
Let j(d) = 5*d**3 - d**2 + 1. Let p be j(1). Suppose -5*h - p = 